*s + s - 3 = 0. Let c be (-37)/s + 0 + -1. What is the greatest common divisor of c and 4?
4
Suppose 6*t - t + 2*p = 74, 3*p + 73 = 4*t. What is the greatest common divisor of t and 1?
1
Suppose -m - 15 = 5*w, 5*m - 4*w - 5 = -9*w. Let s = m + -8. Let a(c) = -29*c + 1. Let g be a(s). Calculate the greatest common factor of 11 and g.
11
Let s = -5 - -7. Suppose 0 = s*n - 8 + 2. Suppose 5*g - n - 2 = 0. Calculate the highest common factor of 1 and g.
1
Suppose 0 = -w - 16 - 92. Let m = -60 - w. Calculate the greatest common factor of 6 and m.
6
Suppose g + p - 139 = 0, -4*g - 3*p + 705 = g. What is the greatest common divisor of g and 96?
48
Let l = 5 - -27. Calculate the greatest common divisor of l and 4.
4
Let n(q) = -19*q + 12. Let x be n(-9). Suppose -2*g + x = -77. Calculate the greatest common divisor of g and 13.
13
Let j = -33 + 51. Calculate the greatest common factor of j and 2.
2
Let z(s) = -2*s - 1. Let b be z(-2). Suppose -b*l + 60 = l. Calculate the highest common divisor of l and 120.
15
Suppose -4*l + 28 = -4*a, 0*l + 3*l = 5*a + 15. Calculate the greatest common factor of 80 and l.
10
Suppose 123 = 5*r + 3*j, 3*r = -2*r + 2*j + 143. Calculate the highest common divisor of r and 27.
27
Suppose 76 = p + 6. Suppose 6*j = j + 50. Let h be (28/j)/(3/15). What is the greatest common divisor of p and h?
14
Let f(n) be the first derivative of n**2/2 - 3*n - 1. Suppose 4*u + 3 - 43 = 0. Let r be f(u). What is the highest common divisor of r and 28?
7
Suppose 7*n = 5*n + 4. Suppose -n*a + 0*a + 18 = 0. Let c be 3 + -3 + -2 - -11. What is the greatest common divisor of a and c?
9
Let k be ((-3)/2)/((-14)/364). What is the highest common divisor of k and 104?
13
Let p be ((-18)/(-6))/((-3)/(-2)). Let x be p + 1*45 + -2. What is the highest common factor of 30 and x?
15
Let o(m) = -m**2 - m + 1. Let w(n) = 3*n**2 - 6. Let f(i) = -4*o(i) - w(i). Let c be f(-5). Let h = 15 - c. Calculate the highest common factor of 8 and h.
8
Suppose 5*y + 11 + 0 = -2*f, -4*y = 5*f - 15. Let v = 3 + f. Suppose w + 6 - 21 = 0. What is the greatest common divisor of w and v?
5
Let i = 414 - 281. What is the greatest common factor of 19 and i?
19
Let w be (-4)/(-10)*(0 - -25). Let g be w/3*18/5. Suppose 3*p = 2*x + 40, -23 = -4*p + x + 27. What is the highest common factor of p and g?
12
Let p(r) = -4*r. Let n be p(-3). Suppose n = 3*f - f. What is the highest common factor of 48 and f?
6
Suppose -x - 2*g - 17 = -2*x, -5*x - 3*g + 46 = 0. Calculate the greatest common factor of 176 and x.
11
Let w(s) = -s - 5. Let o be w(-5). Let n be (7 - 8)*-1*5. Suppose o*f - n*f = -20, 5*r - 101 = -4*f. What is the highest common divisor of 119 and r?
17
Let t(s) = s**3 + 6*s**2 + 6*s + 4. Let p be t(-4). Suppose 0*x = 2*x + 138. Let u = 27 - x. What is the greatest common factor of p and u?
12
Suppose 306 = -12*u + 18*u. Let v(r) = 6*r - 8. Let a be v(7). What is the highest common divisor of u and a?
17
Let r(u) = -u**2 + 7*u + 8. Let j be r(6). Let o = -2 + j. Suppose 4*q - 3*q + 2 = 0, -2*f - 4*q + 8 = 0. Calculate the greatest common divisor of f and o.
4
Let w(q) be the third derivative of -q**5/60 - 3*q**4/8 + 7*q**3/6 - 10*q**2. Let n be w(-7). What is the highest common factor of 3 and n?
3
Suppose -26 = -0*k + k. Let g = k + 46. Let a be g/(-2)*(-4)/10. Calculate the greatest common factor of a and 44.
4
Let z(l) = l + 0*l + 5*l - 5 + 1. Let d(w) = -7*w + 5. Let g(y) = 3*d(y) + 4*z(y). Let i be g(2). What is the greatest common divisor of 25 and i?
5
Suppose c - 182 = -4*a, 0 = -a - a + 4*c + 82. Let n(x) = -x + 11. Let u be n(5). Let k = u - -9. What is the greatest common divisor of a and k?
15
Let p be (-1 - 1) + -1 + 19. Let c be (-6)/(-21) + 24/14. Suppose j = -2*j + 5*l + 73, 0 = -c*l - 10. Calculate the greatest common factor of p and j.
16
Let z = 244 - 451. Let w = 303 + z. What is the highest common factor of 12 and w?
12
Suppose 0 = -20*i + 13*i + 126. Calculate the highest common divisor of 18 and i.
18
Let o(m) = 9*m**2 + 5*m - 3. Let s(x) = -5*x**2 - 3*x + 2. Let n(l) = -6*o(l) - 11*s(l). Let h be n(-5). Calculate the greatest common divisor of h and 42.
6
Suppose 0*r = -4*c + 2*r + 84, -104 = -5*c + 2*r. Calculate the greatest common divisor of c and 160.
20
Let t be 16/12*87/2. Let j = 30 + t. Calculate the greatest common factor of j and 11.
11
Let b(f) = -f**3 - 22*f**2 - 22*f + 5. Let n be b(-21). Calculate the greatest common factor of 91 and n.
13
Suppose -29*n - 35 = -34*n. Suppose -196 = -s - 3*s. What is the greatest common divisor of s and n?
7
Suppose -3*m - 20 = 4*f - 166, -156 = -4*f + 2*m. What is the greatest common divisor of f and 57?
19
Let v be ((-44)/6)/((-1)/36). Let l be 33 + (-10 - -5) - 4. What is the highest common divisor of l and v?
24
Suppose 6*s + 34 = 790. What is the highest common factor of 84 and s?
42
Let h = 26 + -14. Let i(p) = -p**3 - 2*p**2 + 5*p + 6. Let n be i(-4). What is the highest common divisor of h and n?
6
Let y(f) = -10 + 8 + 5 - f**3 + 4*f + 5*f**2. Let w be y(4). What is the greatest common divisor of 14 and w?
7
Let x be -1 + 5/15*93. What is the highest common divisor of 75 and x?
15
Let n(s) = 747*s**3 + s. Let j be n(1). Suppose 0 = m + 3*m - j. Suppose 0 = -5*p + m + 188. Calculate the greatest common factor of p and 15.
15
Let j = -4 + 6. Suppose j*k = -2 + 6. Let i = 13 - k. What is the highest common divisor of i and 99?
11
Let j be (6/4)/((-3)/(-174)). Suppose -4*r = 5*i - j, -4*r = -3*r - 4*i - 48. Calculate the highest common divisor of 14 and r.
14
Let t(k) = -k**3 - 3*k**2 - 2*k + 1. Let q be t(-3). Let r be 0 - 3 - 0/1. Let f = q - r. Calculate the greatest common factor of 10 and f.
10
Suppose 3*m = m - 6. Let g(i) be the third derivative of i**5/60 - i**4/24 + i**3/3 + 3*i**2. Let p be g(m). Calculate the greatest common divisor of 42 and p.
14
Suppose -4*z + 10 + 34 = 0. Let i be ((-15)/9)/((-526)/(-132) - 4). Calculate the highest common divisor of z and i.
11
Let w(l) = 0*l + 5*l + 2 - 3 + 2. Let v be w(1). Suppose -s + 2*r = -48, -2*s + 5*s - 5*r - 147 = 0. Calculate the greatest common divisor of s and v.
6
Let x = 19 - 3. Let g = -8 + 48. What is the highest common factor of x and g?
8
Let t = -7 - -9. Suppose t*z = 20 + 8. Calculate the highest common factor of z and 42.
14
Suppose x = -x + 3*v - 299, -4*v = 2*x + 320. Let q(z) = 55*z - 1. Let u be q(-1). Let i = u - x. Calculate the greatest common factor of i and 14.
14
Let o(b) be the second derivative of b**3/6 - b**2 - b. Let a be o(5). Suppose a = -5*m + 13. Calculate the greatest common factor of m and 2.
2
Suppose -1 = 3*n - 19. What is the highest common divisor of 12 and n?
6
Let o(h) = h**3 + h**2 + 5. Let j be (12/(3 + 0))/(-1). Let d = -4 - j. Let t be o(d). What is the highest common divisor of t and 25?
5
Suppose 0 = -8*u + 141 - 37. Calculate the greatest common factor of 130 and u.
13
Let c = 13 + 9. What is the greatest common divisor of c and 55?
11
Let h be 1*-1 + 0 + 180. Suppose -y = -h + 74. What is the greatest common factor of 15 and y?
15
Suppose -3*c = -2*c - 76. Let m = 120 - c. Suppose 5*t = 5*q - 40, 2*t = q - 9 - 3. What is the highest common factor of m and q?
4
Let m = -9 - -19. Calculate the highest common divisor of 90 and m.
10
Let m(r) = -2*r - 2. Let i be m(-2). Suppose i*h - 4*s = -h - 10, -3*h = -2*s + 2. What is the greatest common factor of h and 5?
1
Let l = -39 + 56. Let x(g) = 2*g**2 - 1. Let r be x(-3). What is the highest common divisor of l and r?
17
Suppose 5*x + 0 + 2 = 4*p, -2*p + 10 = 2*x. Suppose p*a + 3 - 9 = 0. What is the highest common divisor of a and 2?
2
Suppose -g - 12 = v, 0*v + 2*g - 46 = 3*v. Let i = 39 + v. Calculate the greatest common factor of i and 5.
5
Suppose 54 = i + 2*i. Let c(a) = -a**3 - 19*a**2 - 18*a + 2. Let d be c(-18). Calculate the greatest common divisor of d and i.
2
Let y = 21 - 13. Calculate the highest common factor of 24 and y.
8
Let w(c) = 3*c**2 + 3*c - 2. Let x be w(1). Suppose -10 = 3*b - x, 3*h - 20 = b. Let d = -41 - -107. What is the greatest common factor of h and d?
6
Let w = -252 + 420. Calculate the highest common factor of 21 and w.
21
Suppose -r = 5*o, -r = -o - 4*r. Suppose o = -3*m - 54 + 327. What is the greatest common f